7 composite?
False
Is 967709 prime?
True
Is 78837919 prime?
False
Is 824393 composite?
False
Is 22158481 prime?
True
Is 854683 a prime number?
True
Is 531406 composite?
True
Is 3423517 composite?
False
Is 128165803 prime?
True
Is 1470673 prime?
False
Is 5034683 a composite number?
False
Is 93140799 a prime number?
False
Is 10327813 composite?
False
Is 1841539 a prime number?
False
Is 3558289 a composite number?
True
Is 60586 a prime number?
False
Is 857497 prime?
False
Is 90324445 composite?
True
Is 5662077 a composite number?
True
Is 347074861 a composite number?
True
Is 225307351 a composite number?
True
Is 63577 composite?
False
Is 11979707 a prime number?
False
Is 2234959 a composite number?
False
Is 492434 composite?
True
Is 8085307 a prime number?
True
Is 5965033 composite?
True
Is 104082331 composite?
False
Is 97162823 a prime number?
False
Is 44506433 a composite number?
True
Is 15256685 a composite number?
True
Is 17918801 composite?
False
Is 233321249 a prime number?
False
Is 4031453 prime?
True
Is 13611941 a prime number?
False
Is 2781853 composite?
False
Is 29619679 prime?
True
Is 38143819 composite?
True
Is 1339573 prime?
False
Is 629566921 composite?
True
Is 43257337 composite?
True
Is 58351169 prime?
True
Is 1984673 prime?
False
Is 92308597 a prime number?
True
Is 2471449 prime?
True
Is 545950943 prime?
True
Is 1495751 a composite number?
False
Is 51560101 prime?
True
Is 12094727 prime?
False
Is 8092139 composite?
True
Is 105264967 composite?
False
Is 7802849 composite?
False
Is 276617 composite?
True
Is 548624483 a composite number?
True
Is 766531 composite?
False
Is 1596629 composite?
False
Is 94726129 prime?
False
Is 7068287 a composite number?
False
Is 45878449 a prime number?
False
Is 718973 a composite number?
False
Is 26105623 prime?
True
Is 4575469 a composite number?
False
Is 1775047 a composite number?
True
Is 3747581 composite?
False
Is 9753739 composite?
False
Is 925663 composite?
False
Is 1058839 prime?
True
Is 91571 a prime number?
True
Is 26331167 prime?
True
Is 10779163 composite?
False
Is 5454989 a composite number?
True
Is 18130139 a prime number?
False
Is 62293757 prime?
True
Is 115998613 prime?
False
Is 7523939 composite?
False
Is 460197035 a prime number?
False
Is 6356497 a composite number?
True
Is 156999313 composite?
False
Is 9966959 prime?
False
Is 28892855 a prime number?
False
Is 2362469 a composite number?
True
Is 1201223 a prime number?
False
Is 4073593 a prime number?
True
Is 6571343 a composite number?
True
Is 49921271 a prime number?
True
Is 2833385 composite?
True
Is 191371189 a composite number?
False
Is 86320837 composite?
False
Is 43838783 a prime number?
True
Is 124961847 a composite number?
True
Is 5531951 a composite number?
True
Is 223686361 prime?
True
Is 9725431 a composite number?
False
Is 67927 prime?
True
Is 32305621 a composite number?
False
Is 113992789 prime?
True
Is 41916439 composite?
False
Is 352543 a prime number?
True
Is 229664441 composite?
True
Is 2094683 a composite number?
False
Is 9102649 a composite number?
True
Is 431324813 composite?
True
Is 1065149 a composite number?
True
Is 17691461 a prime number?
False
Is 29160253 composite?
True
Is 12202567 composite?
True
Is 19731277 prime?
False
Is 5550626 a prime number?
False
Is 1501054843 composite?
False
Is 32123003 composite?
True
Is 135325043 prime?
False
Is 46646933 a composite number?
False
Is 2037691 a prime number?
False
Is 303114209 a composite number?
False
Is 113937217 composite?
True
Is 3002849 a composite number?
False
Is 23531639 a composite number?
True
Is 8570923 prime?
True
Is 1647241 a composite number?
False
Is 50916421 composite?
False
Is 11897741 a composite number?
True
Is 798101 a prime number?
True
Is 19108157 prime?
True
Is 9251653 prime?
False
Is 11825661 prime?
False
Is 13757819 composite?
False
Is 5517011 a prime number?
False
Is 159033541 composite?
True
Is 13030529 prime?
False
Is 8092361 a composite number?
False
Is 2073569 a composite number?
True
Is 445785019 a composite number?
True
Is 426301 prime?
True
Is 88996147 composite?
False
Is 2044429 composite?
True
Is 12729407 prime?
False
Is 917951 prime?
True
Is 108025987 a prime number?
True
Is 10649827 composite?
False
Is 516707 a composite number?
True
Is 51364393 a composite number?
False
Is 5095411 a prime number?
False
Is 69248953 a composite number?
False
Is 45364937 a composite number?
True
Is 56970247 a composite number?
True
Is 55606259 a prime number?
True
Is 18450447 a prime number?
False
Is 217397021 a prime number?
False
Is 71842993 a composite number?
False
Is 205985029 prime?
False
Is 342052849 prime?
False
Is 21969743 composite?
True
Is 162704119 a prime number?
True
Is 49539923 prime?
True
Is 1094669 composite?
False
Is 149500877 a prime number?
True
Is 49698041 a prime number?
True
Is 25206837 composite?
True
Is 28098529 composite?
True
Is 41148367 a prime number?
False
Is 1271713 a prime number?
False
Is 10165193 prime?
True
Is 1979951 prime?
False
Is 232677527 a prime number?
False
Is 23832017 prime?
False
Is 53053861 prime?
False
Is 34526701 composite?
True
Is 4245907 a prime number?
True
Is 169657711 a prime number?
False
Is 1590893 a composite number?
False
Is 10792319 a composite number?
False
Is 74340197 prime?
False
Is 9669487 composite?
False
Is 983209 composite?
False
Is 1835069 composite?
True
Is 1213081 composite?
False
Is 30152845 a prime number?
False
Is 130328017 a prime number?
True
Is 1470683 prime?
True
Is 79071 prime?
False
Is 15301151 prime?
True
Is 2181329 prime?
True
Is 146800369 a composite number?
True
Is 5523893 prime?
False
Is 35324427 composite?
True
Is 255301197 a composite number?
True
Is 22466813 a composite number?
False
Is 328244489 prime?
False
Is 6535501 a prime number?
False
Is 578353 composite?
False
Is 1039109 composite?
False
Is 1873439 prime?
False
Is 2243435 a composite number?
True
Is 709097 a composite number?
False
Is 102117461 composite?
False
Is 23755507 prime?
True
Is 10848989 prime?
True
Is 740953673 a prime number?
False
Is 18414241 prime?
False
Is 46391 composite?
True
Is 88731917 a composite number?
False
Is 17171633 a prime number?
True
Is 126377149 a composite number?
True
Is 44831647 a composite number?
True
Is 602624005 a composite number?
True
Is 6232027 prime?
False
Is 44880841 prime?
True
Is 107386969 a prime number?
True
Is 103387 a prime number?
True
Is 111125411 a prime number?
True
Is 98387 a prime number?
True
Is 34633373 composite?
True
Is 499127 a prime number?
True
Is 952535 prime?
False
Is 8586301 a prime number?
True
Is 11227547 prime?
True
Is 67759103 prime?
True
Is 205783 a composite number?
False
Is 539388357 composite?
True
Is 39416249 a prime number?
False
Is 718783 prime?
False
Is 87742129 a prime number?
True
Is 63082007 composite?
False
Is 31097783 prime?
True
Is 15075323 prime?
True
Is 59764487 prime?
False
Is 300422869 prime?
False
Is 69449339 a prime number?
False
Is 3460973 prime?
True
Is 4217801 composite?
True
Is 35853097 prime?
False
Is 239926017 a prime number?
False
Is 98323037 prime?
True
Is 4868497 prime?
False
Is 257908531 composite?
True
Is 4980377 prime?
False
Is 1232617 prime?
True
Is 63706841 a composite number?
True
Is 36922621 a prime number?
True
Is 4846409 composite?
False
Is 264146321 prime?
True
Is 3043993 a prime number?
True
Is 175393417 a prime number?
True
Is 195510101 a composite number?
False
Is 49467461 a prime number?
True
Is 93723449 a composite number?
False
Is 14481709 prime?
False
Is 15186599 a prime number?
True
Is 1974809 composite?
True
Is 4051079 prime?
False
Is 16054861 composite?
False
Is 172226003 composite?
False
Is 6518489 a prime number?
True
Is 15609863 composite?
False
Is 5469641 prime?
False
Is 11773337 a composite number?
False
Is 798911 a prime number?
True
Is 599915491 composite?
True
Is 11186869 a prime number?
False
Is 8545157 composite?
True
Is 11573167 prime?
False
Is 631889 a composite number?
False
Is 134698709 a composite number?
False
Is 15500939 composite?
False
Is 62461181 composite?
False
Is 609423 a prime number?
False
Is 139282669 a prime number?
False
Is 107535058 a composite number?
True
Is 2820479 a prime number?
True
Is 2253473 prime?
True
Is 97819937 a prime number?
True
Is 3438979 